{"id":1823,"date":"2023-11-09T23:30:13","date_gmt":"2023-11-09T23:30:13","guid":{"rendered":"https:\/\/noelmontreal.ca\/villagedenoel\/?post_type=programmation&#038;p=1823"},"modified":"2023-11-09T23:35:40","modified_gmt":"2023-11-09T23:35:40","slug":"11-30-23-dave-dery-and-great-triomphe-2","status":"publish","type":"programmation","link":"https:\/\/noelmontreal.ca\/villagedenoel\/programmation\/11-30-23-dave-dery-and-great-triomphe-2\/","title":{"rendered":"12\/24\/23 &#8211; Le Festin des Lutins"},"content":{"rendered":"\n<div class=\"wp-block-columns is-layout-flex wp-container-core-columns-is-layout-9d6595d7 wp-block-columns-is-layout-flex\">\n<div class=\"wp-block-column is-layout-flow wp-block-column-is-layout-flow\" style=\"flex-basis:66.66%\">\n<div class=\"wp-block-buttons is-content-justification-left is-layout-flex wp-container-core-buttons-is-layout-fdcfc74e wp-block-buttons-is-layout-flex\">\n<div class=\"wp-block-button is-style-outline btn-back-cf is-style-outline--1\"><a class=\"wp-block-button__link has-text-color\" href=\"https:\/\/noelmontreal.ca\/villagedenoel\/programmation-2023\/\" style=\"border-radius:0px;color:#254981\">Revenir \u00e0 la Programmation<\/a><\/div>\n<\/div>\n\n\n\n<div style=\"height:20px\" aria-hidden=\"true\" class=\"wp-block-spacer\"><\/div>\n\n\n<figure class=\"wp-block-post-featured-image\"><img fetchpriority=\"high\" decoding=\"async\" width=\"750\" height=\"465\" src=\"https:\/\/noelmontreal.ca\/villagedenoel\/wp-content\/uploads\/sites\/2\/2023\/11\/Capture-decran-2023-11-09-183454-750x465.png\" class=\"attachment-post-thumbnail size-post-thumbnail wp-post-image\" alt=\"\" style=\"object-fit:cover;\" \/><\/figure>\n\n\n<div style=\"height:20px\" aria-hidden=\"true\" class=\"wp-block-spacer\"><\/div>\n\n\n\n\n\n<p>Le \u00ab\u00a0<strong>Festin des Lutins\u00a0\u00bb<\/strong>&nbsp;signe son&nbsp;<strong>grand retour!<\/strong>&nbsp;Pour marquer la derni\u00e8re journ\u00e9e du Village de No\u00ebl qui tombe le 24 d\u00e9cembre, la Lutinerie convie les citoyen.nes \u00e0 un r\u00e9veillon g\u00e9ant de 11h00 \u00e0 15h00.<\/p>\n\n\n\n<p>\u00c0 cette occasion, en plus d&rsquo;animations festives,&nbsp;<strong>1000 repas complet de No\u00ebl compos\u00e9s d&rsquo;une entr\u00e9e, d&rsquo;un plat traditionnel et d&rsquo;un dessert seront offerts gratuitement au public!<\/strong><\/p>\n\n\n\n<figure class=\"wp-block-image\"><img decoding=\"async\" src=\"https:\/\/media.canva.com\/1\/image-resize\/1\/800_533_92_JPG_F\/czM6Ly9tZWRpYS1wcml2YXRlLmNhbnZhLmNvbS9BWVNVay9NQUZzVElBWVNVay8xL3AuanBn?osig=AAAAAAAAAAAAAAAAAAAAACF6TIjRWoDcsqA3tOLf0kKjK6byYeI9nd2C6c9QWwR5&amp;exp=1699590195&amp;x-canva-quality=screen&amp;csig=AAAAAAAAAAAAAAAAAAAAANQwqYM4VABuVpL7cYdNx3Ddei4AUYYuCVt5AIjt42Wf\" alt=\"\" \/><\/figure>\n\n\n\n<figure class=\"wp-block-image\"><img decoding=\"async\" src=\"https:\/\/media.canva.com\/1\/image-resize\/1\/1600_1066_92_JPG_F\/czM6Ly9tZWRpYS1wcml2YXRlLmNhbnZhLmNvbS9KcC1wOC9NQUZzTnFKcC1wOC8xL3AuanBn?osig=AAAAAAAAAAAAAAAAAAAAAMkqnIzDoyWDP_J_oF-xUe1PMRniw83kORnkgz9aZBMy&amp;exp=1699589394&amp;x-canva-quality=screen_2x&amp;csig=AAAAAAAAAAAAAAAAAAAAAKFXQCE9_La5RxIFAwcyePm_hzVb4WjioePlwN61nkXZ\" alt=\"\" \/><\/figure>\n\n\n\n<p><\/p>\n\n\n\n<div style=\"height:20px\" aria-hidden=\"true\" class=\"wp-block-spacer\"><\/div>\n<\/div>\n\n\n\n<div class=\"wp-block-column cf-detail-col is-layout-flow wp-block-column-is-layout-flow\" style=\"flex-basis:33.33%\">\n<div style=\"height:34px\" aria-hidden=\"true\" class=\"wp-block-spacer\"><\/div>\n\n\n\n<div class=\"wp-block-group cf-detail-col-part1 has-white-color has-text-color has-background\" style=\"background-color:#254981\"><div class=\"wp-block-group__inner-container is-layout-flow wp-block-group-is-layout-flow\">\n<p class=\"has-text-align-left\">Repas de No\u00ebl<\/p>\n\n\n\n<p>Date : Dimanche 24 d\u00e9cembre 2023<\/p>\n\n\n\n<p>Heure : 11h00<\/p>\n<\/div><\/div>\n\n\n\n<div class=\"wp-block-group cf-detail-col-part2 has-background\" style=\"background-color:#f2f2f2\"><div class=\"wp-block-group__inner-container is-layout-flow wp-block-group-is-layout-flow\">\n<div style=\"height:20px\" aria-hidden=\"true\" class=\"wp-block-spacer\"><\/div>\n\n\n\n<div style=\"height:4px\" aria-hidden=\"true\" class=\"wp-block-spacer\"><\/div>\n<\/div><\/div>\n<\/div>\n<\/div>\n","protected":false},"excerpt":{"rendered":"<p>Le \u00ab\u00a0Festin des Lutins\u00a0\u00bb&nbsp;signe son&nbsp;grand retour!&nbsp;Pour marquer la derni\u00e8re journ\u00e9e du Village de No\u00ebl qui tombe le 24 d\u00e9cembre, la Lutinerie convie les citoyen.nes \u00e0 un r\u00e9veillon g\u00e9ant de 11h00 \u00e0 15h00. \u00c0 cette occasion, en plus d&rsquo;animations festives,&nbsp;1000 repas complet de No\u00ebl compos\u00e9s d&rsquo;une entr\u00e9e, d&rsquo;un plat traditionnel et d&rsquo;un dessert seront offerts gratuitement [&hellip;]<\/p>\n","protected":false},"featured_media":1829,"template":"","format":"standard","tags":[],"type_de_prestation":[506],"jour":[175],"class_list":["post-1823","programmation","type-programmation","status-publish","format-standard","has-post-thumbnail","hentry","type_de_prestation-soiree-gourmande","jour-24-decembre"],"aioseo_notices":[],"_links":{"self":[{"href":"https:\/\/noelmontreal.ca\/villagedenoel\/wp-json\/wp\/v2\/programmation\/1823","targetHints":{"allow":["GET"]}}],"collection":[{"href":"https:\/\/noelmontreal.ca\/villagedenoel\/wp-json\/wp\/v2\/programmation"}],"about":[{"href":"https:\/\/noelmontreal.ca\/villagedenoel\/wp-json\/wp\/v2\/types\/programmation"}],"version-history":[{"count":3,"href":"https:\/\/noelmontreal.ca\/villagedenoel\/wp-json\/wp\/v2\/programmation\/1823\/revisions"}],"predecessor-version":[{"id":1827,"href":"https:\/\/noelmontreal.ca\/villagedenoel\/wp-json\/wp\/v2\/programmation\/1823\/revisions\/1827"}],"wp:featuredmedia":[{"embeddable":true,"href":"https:\/\/noelmontreal.ca\/villagedenoel\/wp-json\/wp\/v2\/media\/1829"}],"wp:attachment":[{"href":"https:\/\/noelmontreal.ca\/villagedenoel\/wp-json\/wp\/v2\/media?parent=1823"}],"wp:term":[{"taxonomy":"post_tag","embeddable":true,"href":"https:\/\/noelmontreal.ca\/villagedenoel\/wp-json\/wp\/v2\/tags?post=1823"},{"taxonomy":"type_de_prestation","embeddable":true,"href":"https:\/\/noelmontreal.ca\/villagedenoel\/wp-json\/wp\/v2\/type_de_prestation?post=1823"},{"taxonomy":"jour","embeddable":true,"href":"https:\/\/noelmontreal.ca\/villagedenoel\/wp-json\/wp\/v2\/jour?post=1823"}],"curies":[{"name":"wp","href":"https:\/\/api.w.org\/{rel}","templated":true}]}}

<div class="wp-block-columns is-layout-flex wp-container-core-columns-is-layout-9d6595d7 wp-block-columns-is-layout-flex">
<div class="wp-block-column is-layout-flow wp-block-column-is-layout-flow" style="flex-basis:66.66%">
<div class="wp-block-buttons is-content-justification-left is-layout-flex wp-container-core-buttons-is-layout-fdcfc74e wp-block-buttons-is-layout-flex">
<div class="wp-block-button is-style-outline btn-back-cf is-style-outline--1"><a class="wp-block-button__link has-text-color" href="https://noelmontreal.ca/villagedenoel/programmation-2023/" style="border-radius:0px;color:#254981">Revenir à la Programmation</a></div>
</div>



<div style="height:20px" aria-hidden="true" class="wp-block-spacer"></div>


<figure class="wp-block-post-featured-image"><img fetchpriority="high" decoding="async" width="750" height="465" src="https://noelmontreal.ca/villagedenoel/wp-content/uploads/sites/2/2023/11/Capture-decran-2023-11-09-183454-750x465.png" class="attachment-post-thumbnail size-post-thumbnail wp-post-image" alt="" style="object-fit:cover;" /></figure>


<div style="height:20px" aria-hidden="true" class="wp-block-spacer"></div>





<p>Le « <strong>Festin des Lutins »</strong>&nbsp;signe son&nbsp;<strong>grand retour!</strong>&nbsp;Pour marquer la dernière journée du Village de Noël qui tombe le 24 décembre, la Lutinerie convie les citoyen.nes à un réveillon géant de 11h00 à 15h00.</p>



<p>À cette occasion, en plus d&rsquo;animations festives,&nbsp;<strong>1000 repas complet de Noël composés d&rsquo;une entrée, d&rsquo;un plat traditionnel et d&rsquo;un dessert seront offerts gratuitement au public!</strong></p>



<figure class="wp-block-image"><img decoding="async" src="https://media.canva.com/1/image-resize/1/800_533_92_JPG_F/czM6Ly9tZWRpYS1wcml2YXRlLmNhbnZhLmNvbS9BWVNVay9NQUZzVElBWVNVay8xL3AuanBn?osig=AAAAAAAAAAAAAAAAAAAAACF6TIjRWoDcsqA3tOLf0kKjK6byYeI9nd2C6c9QWwR5&amp;exp=1699590195&amp;x-canva-quality=screen&amp;csig=AAAAAAAAAAAAAAAAAAAAANQwqYM4VABuVpL7cYdNx3Ddei4AUYYuCVt5AIjt42Wf" alt="" /></figure>



<figure class="wp-block-image"><img decoding="async" src="https://media.canva.com/1/image-resize/1/1600_1066_92_JPG_F/czM6Ly9tZWRpYS1wcml2YXRlLmNhbnZhLmNvbS9KcC1wOC9NQUZzTnFKcC1wOC8xL3AuanBn?osig=AAAAAAAAAAAAAAAAAAAAAMkqnIzDoyWDP_J_oF-xUe1PMRniw83kORnkgz9aZBMy&amp;exp=1699589394&amp;x-canva-quality=screen_2x&amp;csig=AAAAAAAAAAAAAAAAAAAAAKFXQCE9_La5RxIFAwcyePm_hzVb4WjioePlwN61nkXZ" alt="" /></figure>



<p></p>



<div style="height:20px" aria-hidden="true" class="wp-block-spacer"></div>
</div>



<div class="wp-block-column cf-detail-col is-layout-flow wp-block-column-is-layout-flow" style="flex-basis:33.33%">
<div style="height:34px" aria-hidden="true" class="wp-block-spacer"></div>



<div class="wp-block-group cf-detail-col-part1 has-white-color has-text-color has-background" style="background-color:#254981"><div class="wp-block-group__inner-container is-layout-flow wp-block-group-is-layout-flow">
<p class="has-text-align-left">Repas de Noël</p>



<p>Date : Dimanche 24 décembre 2023</p>



<p>Heure : 11h00</p>
</div></div>



<div class="wp-block-group cf-detail-col-part2 has-background" style="background-color:#f2f2f2"><div class="wp-block-group__inner-container is-layout-flow wp-block-group-is-layout-flow">
<div style="height:20px" aria-hidden="true" class="wp-block-spacer"></div>



<div style="height:4px" aria-hidden="true" class="wp-block-spacer"></div>
</div></div>
</div>
</div>

<p>Le « Festin des Lutins »&nbsp;signe son&nbsp;grand retour!&nbsp;Pour marquer la dernière journée du Village de Noël qui tombe le 24 décembre, la Lutinerie convie les citoyen.nes à un réveillon géant de 11h00 à 15h00. À cette occasion, en plus d&rsquo;animations festives,&nbsp;1000 repas complet de Noël composés d&rsquo;une entrée, d&rsquo;un plat traditionnel et d&rsquo;un dessert seront offerts gratuitement [&hellip;]</p>
