{"id":1529,"date":"2023-11-02T13:29:14","date_gmt":"2023-11-02T13:29:14","guid":{"rendered":"https:\/\/noelmontreal.ca\/villagedenoel\/?page_id=1529"},"modified":"2024-11-04T01:40:55","modified_gmt":"2024-11-04T01:40:55","slug":"nos-artisans","status":"publish","type":"page","link":"https:\/\/noelmontreal.ca\/villagedenoel\/nos-artisans\/","title":{"rendered":"Nos artisans"},"content":{"rendered":"\t\t<div data-elementor-type=\"wp-page\" data-elementor-id=\"1529\" class=\"elementor elementor-1529\" data-elementor-post-type=\"page\">\n\t\t\t\t\t\t<section class=\"elementor-section elementor-top-section elementor-element elementor-element-a398546 elementor-section-full_width elementor-section-height-default elementor-section-height-default\" data-id=\"a398546\" data-element_type=\"section\" data-settings=\"{&quot;background_background&quot;:&quot;classic&quot;}\">\n\t\t\t\t\t\t\t<div class=\"elementor-background-overlay\"><\/div>\n\t\t\t\t\t\t\t<div class=\"elementor-container elementor-column-gap-default\">\n\t\t\t\t\t<div class=\"elementor-column elementor-col-100 elementor-top-column elementor-element elementor-element-10766b0 elementor-invisible\" data-id=\"10766b0\" data-element_type=\"column\" data-settings=\"{&quot;background_background&quot;:&quot;classic&quot;,&quot;animation&quot;:&quot;fadeIn&quot;}\">\n\t\t\t<div class=\"elementor-widget-wrap elementor-element-populated\">\n\t\t\t\t\t\t<section class=\"elementor-section elementor-inner-section elementor-element elementor-element-54bc19c elementor-section-boxed elementor-section-height-default elementor-section-height-default\" data-id=\"54bc19c\" data-element_type=\"section\">\n\t\t\t\t\t\t<div class=\"elementor-container elementor-column-gap-default\">\n\t\t\t\t\t<div class=\"elementor-column elementor-col-100 elementor-inner-column elementor-element elementor-element-faddd17\" data-id=\"faddd17\" data-element_type=\"column\" data-settings=\"{&quot;background_background&quot;:&quot;classic&quot;}\">\n\t\t\t<div class=\"elementor-widget-wrap elementor-element-populated\">\n\t\t\t\t\t\t<div class=\"elementor-element elementor-element-b47df43 elementor-widget elementor-widget-heading\" data-id=\"b47df43\" data-element_type=\"widget\" data-settings=\"{&quot;ekit_we_effect_on&quot;:&quot;none&quot;}\" data-widget_type=\"heading.default\">\n\t\t\t\t<div class=\"elementor-widget-container\">\n\t\t\t\t\t<h1 class=\"elementor-heading-title elementor-size-default\">D\u00e9couvrir nos artisans<\/h1>\t\t\t\t<\/div>\n\t\t\t\t<\/div>\n\t\t\t\t<div class=\"elementor-element elementor-element-913edbb elementor-widget elementor-widget-text-editor\" data-id=\"913edbb\" data-element_type=\"widget\" data-settings=\"{&quot;ekit_we_effect_on&quot;:&quot;none&quot;}\" data-widget_type=\"text-editor.default\">\n\t\t\t\t<div class=\"elementor-widget-container\">\n\t\t\t\t\t\t\t\t\t<p>Apprenez-en plus sur les artisans du Village de No\u00ebl de Montr\u00e9al<\/p>\t\t\t\t\t\t\t\t<\/div>\n\t\t\t\t<\/div>\n\t\t\t\t\t<\/div>\n\t\t<\/div>\n\t\t\t\t\t<\/div>\n\t\t<\/section>\n\t\t\t\t\t<\/div>\n\t\t<\/div>\n\t\t\t\t\t<\/div>\n\t\t<\/section>\n\t\t\t\t<section class=\"elementor-section elementor-top-section elementor-element elementor-element-84fe45d elementor-section-boxed elementor-section-height-default elementor-section-height-default\" data-id=\"84fe45d\" data-element_type=\"section\">\n\t\t\t\t\t\t<div class=\"elementor-container elementor-column-gap-default\">\n\t\t\t\t\t<div class=\"elementor-column elementor-col-100 elementor-top-column elementor-element elementor-element-24275e0\" data-id=\"24275e0\" data-element_type=\"column\">\n\t\t\t<div class=\"elementor-widget-wrap elementor-element-populated\">\n\t\t\t\t\t\t<div class=\"elementor-element elementor-element-5bdca4c elementor-widget elementor-widget-text-editor\" data-id=\"5bdca4c\" data-element_type=\"widget\" data-settings=\"{&quot;ekit_we_effect_on&quot;:&quot;none&quot;}\" data-widget_type=\"text-editor.default\">\n\t\t\t\t<div class=\"elementor-widget-container\">\n\t\t\t\t\t\t\t\t\t<p>Nous sommes fiers de vous pr\u00e9senter une s\u00e9lection minutieusement choisie d\u2019artisans passionn\u00e9s qui apportent une touche de magie \u00e0 notre village. Leurs cr\u00e9ations\u00a0 captureront votre imagination, que vous cherchiez des cadeaux originaux, des d\u00e9corations de No\u00ebl sp\u00e9ciales ou tout simplement un moment de plaisir et d\u2019inspiration.<\/p><p>\u00a0<\/p><p>D\u00e9couvrez la liste compl\u00e8te de nos artisans ci-dessous, et pr\u00e9parez-vous \u00e0 vivre une exp\u00e9rience authentique de No\u00ebl, riche en artisanat, en saveurs d\u00e9licieuses et en \u00e9merveillement.<\/p>\t\t\t\t\t\t\t\t<\/div>\n\t\t\t\t<\/div>\n\t\t\t\t\t<\/div>\n\t\t<\/div>\n\t\t\t\t\t<\/div>\n\t\t<\/section>\n\t\t\t\t<section class=\"elementor-section elementor-top-section elementor-element elementor-element-88516dd elementor-section-boxed elementor-section-height-default elementor-section-height-default\" data-id=\"88516dd\" data-element_type=\"section\">\n\t\t\t\t\t\t<div class=\"elementor-container elementor-column-gap-default\">\n\t\t\t\t\t<div class=\"elementor-column elementor-col-100 elementor-top-column elementor-element elementor-element-de39fe5\" data-id=\"de39fe5\" data-element_type=\"column\">\n\t\t\t<div class=\"elementor-widget-wrap elementor-element-populated\">\n\t\t\t\t\t\t<div class=\"elementor-element elementor-element-1936a2c elementor-widget elementor-widget-shortcode\" data-id=\"1936a2c\" data-element_type=\"widget\" data-settings=\"{&quot;ekit_we_effect_on&quot;:&quot;none&quot;}\" data-widget_type=\"shortcode.default\">\n\t\t\t\t<div class=\"elementor-widget-container\">\n\t\t\t\t\t\t\t<div class=\"elementor-shortcode\"><div id=\"caf-post-layout-container\" class=\"caf-post-layout-container \r\n     multiple-taxonomy-filter-hor-modern post-layout3 \r\n     data-target-div1\"\r\n     data-post-type=\"artisans\"\r\n     data-tax=\"periode,categories_produits\"\r\n     data-terms=\"periode___715,periode___717,periode___719,periode___721,categories_produits___469,categories_produits___472,categories_produits___467,categories_produits___476,categories_produits___465,categories_produits___474,categories_produits___463,categories_produits___478\"\r\n     data-per-page=\"15\"\r\n     data-selected-terms=\"periode___715,periode___717,periode___719,periode___721,categories_produits___469,categories_produits___472,categories_produits___467,categories_produits___476,categories_produits___465,categories_produits___474,categories_produits___463,categories_produits___478\"\r\n     data-filter-id=\"1314\"\r\n     data-post-layout=\"post-layout3\"\r\n     data-filter-layout=\"multiple-taxonomy-filter-hor-modern\"\r\n     data-target-div=\"data-target-div1\"\r\n     data-relation=\"IN\"\r\n     data-default-term=\"all\"\r\n     data-scroll=\"desktop\"\r\n     data-scroll-desk=\"-100\"\r\n     data-scroll-mob=\"-100\"\r\n     current-post-id=\"1529\"\r\n     data-order-by=\"title\"\r\n     data-order-type=\"asc\"\r\n     active-filters=\"on\"\r\n     active-filters-style=\"without_tax\"\r\n     ><div class='caf-multiple-taxonomy-filter-modern btn-enable caf-mtf-layout caf-filter-layout data-target-div1 search-layout1 srch-on caf_multi_tax2'>\r\n <div class='manage-inner-caf'>\r\n<ul class='caf_select_multi'><li class='caf_select_multi_default' data-value='0'><span> les p\u00e9riodes<\/span><i class='fa fa-chevron-down caf-multi-mod-right' aria-hidden='true'><\/i><\/li><ul class='caf-multi-drop-sub'><li class='caf_select_multi_default_label_2' data-value='0' data-name=' les p\u00e9riodes'><i class=' caf-front-ic'><\/i><span> les p\u00e9riodes<\/span><\/li><li class='caf_select_multi_dp_value ' data-value='periode___715' data-name='1 - 27, 28, 29 et 30 novembre 2025' >1 - 27, 28, 29 et 30 novembre 2025<\/li><li class='caf_select_multi_dp_value ' data-value='periode___717' data-name='2 - 4, 5, 6 et 7 d\u00e9cembre 2025' >2 - 4, 5, 6 et 7 d\u00e9cembre 2025<\/li><li class='caf_select_multi_dp_value ' data-value='periode___719' data-name='3 - 11, 12, 13 et 14 d\u00e9cembre 2025' >3 - 11, 12, 13 et 14 d\u00e9cembre 2025<\/li><li class='caf_select_multi_dp_value ' data-value='periode___721' data-name='4 - 18, 19, 20 et 21 d\u00e9cembre 2025' >4 - 18, 19, 20 et 21 d\u00e9cembre 2025<\/li><\/ul><\/ul><ul class='caf_select_multi'><li class='caf_select_multi_default' data-value='0'><span> Categories de produits<\/span><i class='fa fa-chevron-down caf-multi-mod-right' aria-hidden='true'><\/i><\/li><ul class='caf-multi-drop-sub'><li class='caf_select_multi_default_label_2' data-value='0' data-name=' Categories de produits'><i class=' caf-front-ic'><\/i><span> Categories de produits<\/span><\/li><li class='caf_select_multi_dp_value ' data-value='categories_produits___469' data-name='Bijoux' >Bijoux<\/li><li class='caf_select_multi_dp_value ' data-value='categories_produits___472' data-name='Boissons' >Boissons<\/li><li class='caf_select_multi_dp_value ' data-value='categories_produits___467' data-name='Cosm\u00e9tiques' >Cosm\u00e9tiques<\/li><li class='caf_select_multi_dp_value ' data-value='categories_produits___476' data-name='D\u00e9corations &amp; Objets divers' >D\u00e9corations &amp; Objets divers<\/li><li class='caf_select_multi_dp_value ' data-value='categories_produits___465' data-name='Objets pour enfants' >Objets pour enfants<\/li><li class='caf_select_multi_dp_value ' data-value='categories_produits___474' data-name='Produits alimentaires' >Produits alimentaires<\/li><li class='caf_select_multi_dp_value ' data-value='categories_produits___463' data-name='V\u00eatements &amp; Accessoires' >V\u00eatements &amp; Accessoires<\/li><li class='caf_select_multi_dp_value ' data-value='categories_produits___478' data-name='V\u00eatements &amp; Accessoires' >V\u00eatements &amp; Accessoires<\/li><\/ul><\/ul><\/ul>\r\n <\/div>\r\n<div class='caf-search-bar sr-layout1'><div class='caf-manage-search-bar'><input type='text' name='caf-search-input' id='caf-search-input' placeholder='Entrez votre recherche' class='caf-search-input'><img id='caf-voice-search' class='caf-mic' src='https:\/\/noelmontreal.ca\/villagedenoel\/wp-content\/plugins\/category-ajax-filter-pro\/\/assets\/img\/mic.png'><input type='button' value='Rechercher' class='caf-search-sub' id='caf-search-sub'><\/div><\/div>\r\n<\/div>\r\n<div class='caf-active-filters'><ul><\/ul><\/div><div class='caf-manage-sorting-front'>\r\n <div class='caf-manage-sorting-wrap first-wrap'>\r\n Order By :\r\n <select class=\"caf-sort-front caf-sort-order-by\">\r\n <option value=\"author\" >Author<\/option>\r\n <option value=\"title\" selected>Title<\/option>\r\n <option value=\"ID\" >Post ID<\/option>\r\n <option value=\"date\" >Date<\/option>\r\n <option value=\"rand\" >Random<\/option>\r\n <\/select><\/div>\r\n\r\n <div class='caf-manage-sorting-wrap'>\r\n Order  :\r\n <select class=\"caf-sort-front caf-sort-order-type\">\r\n <option value=\"asc\" selected>Asc<\/option>\r\n <option value=\"desc\" >Desc<\/option>\r\n <\/select><\/div>\r\n\r\n<\/div>\r\n\r\n<div id='manage-ajax-response' class='caf-row'><div class=\"status\"><i class=\"fa fa-spinner\" aria-hidden=\"true\"><\/i><\/div><div class=\"content\"><\/div><\/div><\/div><\/div>\n\t\t\t\t\t\t<\/div>\n\t\t\t\t<\/div>\n\t\t\t\t\t<\/div>\n\t\t<\/div>\n\t\t\t\t\t<\/div>\n\t\t<\/section>\n\t\t\t\t<\/div>\n\t\t","protected":false},"excerpt":{"rendered":"<p>D\u00e9couvrir nos artisans Apprenez-en plus sur les artisans du Village de No\u00ebl de Montr\u00e9al Nous sommes fiers de vous pr\u00e9senter une s\u00e9lection minutieusement choisie d\u2019artisans passionn\u00e9s qui apportent une touche de magie \u00e0 notre village. Leurs cr\u00e9ations\u00a0 captureront votre imagination, que vous cherchiez des cadeaux originaux, des d\u00e9corations de No\u00ebl sp\u00e9ciales ou tout simplement un [&hellip;]<\/p>\n","protected":false},"author":1,"featured_media":0,"parent":0,"menu_order":0,"comment_status":"closed","ping_status":"closed","template":"elementor_header_footer","meta":{"om_disable_all_campaigns":false,"_monsterinsights_skip_tracking":false,"_monsterinsights_sitenote_active":false,"_monsterinsights_sitenote_note":"","_monsterinsights_sitenote_category":0,"_uf_show_specific_survey":0,"_uf_disable_surveys":false,"footnotes":""},"class_list":["post-1529","page","type-page","status-publish","hentry"],"aioseo_notices":[],"_links":{"self":[{"href":"https:\/\/noelmontreal.ca\/villagedenoel\/wp-json\/wp\/v2\/pages\/1529","targetHints":{"allow":["GET"]}}],"collection":[{"href":"https:\/\/noelmontreal.ca\/villagedenoel\/wp-json\/wp\/v2\/pages"}],"about":[{"href":"https:\/\/noelmontreal.ca\/villagedenoel\/wp-json\/wp\/v2\/types\/page"}],"author":[{"embeddable":true,"href":"https:\/\/noelmontreal.ca\/villagedenoel\/wp-json\/wp\/v2\/users\/1"}],"replies":[{"embeddable":true,"href":"https:\/\/noelmontreal.ca\/villagedenoel\/wp-json\/wp\/v2\/comments?post=1529"}],"version-history":[{"count":10,"href":"https:\/\/noelmontreal.ca\/villagedenoel\/wp-json\/wp\/v2\/pages\/1529\/revisions"}],"predecessor-version":[{"id":2476,"href":"https:\/\/noelmontreal.ca\/villagedenoel\/wp-json\/wp\/v2\/pages\/1529\/revisions\/2476"}],"wp:attachment":[{"href":"https:\/\/noelmontreal.ca\/villagedenoel\/wp-json\/wp\/v2\/media?parent=1529"}],"curies":[{"name":"wp","href":"https:\/\/api.w.org\/{rel}","templated":true}]}}