{"id":1255,"date":"2023-11-04T21:51:04","date_gmt":"2023-11-04T21:51:04","guid":{"rendered":"https:\/\/noelmontreal.ca\/grandmarchedenoel\/?post_type=programmation&#038;p=1255"},"modified":"2023-12-07T22:02:33","modified_gmt":"2023-12-07T22:02:33","slug":"jazz-instead","status":"publish","type":"programmation","link":"https:\/\/noelmontreal.ca\/grandmarchedenoel\/programmation\/jazz-instead\/","title":{"rendered":"12\/29\/23 Jazz Instead"},"content":{"rendered":"\n<p><\/p>\n\n\n\n<div class=\"wp-block-columns is-layout-flex wp-container-core-columns-is-layout-9d6595d7 wp-block-columns-is-layout-flex\">\n<div class=\"wp-block-column is-layout-flow wp-block-column-is-layout-flow\" style=\"flex-basis:66.66%\">\n<div class=\"wp-block-buttons is-content-justification-left is-layout-flex wp-container-core-buttons-is-layout-fdcfc74e wp-block-buttons-is-layout-flex\">\n<div class=\"wp-block-button is-style-outline btn-back-cf is-style-outline--1\"><a class=\"wp-block-button__link has-text-color\" href=\"https:\/\/noelmontreal.ca\/grandmarchedenoel\/programmation-2023\/\" style=\"border-radius:0px;color:#185c2c\">Revenir \u00e0 la Programmation<\/a><\/div>\n<\/div>\n\n\n\n<div style=\"height:20px\" aria-hidden=\"true\" class=\"wp-block-spacer\"><\/div>\n\n\n<figure class=\"wp-block-post-featured-image\"><img fetchpriority=\"high\" decoding=\"async\" width=\"750\" height=\"465\" src=\"https:\/\/noelmontreal.ca\/grandmarchedenoel\/wp-content\/uploads\/sites\/3\/2023\/11\/profilpaysage-credit-Philippe-PaquetR-750x465.jpg\" class=\"attachment-post-thumbnail size-post-thumbnail wp-post-image\" alt=\"\" style=\"object-fit:cover;\" \/><\/figure>\n\n\n<div style=\"height:20px\" aria-hidden=\"true\" class=\"wp-block-spacer\"><\/div>\n\n\n\n\n\n<div style=\"height:20px\" aria-hidden=\"true\" class=\"wp-block-spacer\"><\/div>\n\n\n\n<p class=\"has-text-align-left has-medium-font-size\">Leur r\u00e9pertoire, toujours aux couleurs jazzy, voyage \u00e0 travers les \u00e9poques; Des classiques blues en passant par le swing d\u2019apr\u00e8s guerre jusqu\u2019\u00e0 revisiter certains hits de l\u2019heure. \u00c0 l&rsquo;occasion du march\u00e9s de No\u00ebl, ils ont pr\u00e9par\u00e9 un repertoire des plus grandes chansons du temps des f\u00eates \u00e0 leur mani\u00e8re jazzy. Talentueux et polyvalents, c\u2019est dans l\u2019improvisation et le plaisir que Jazz Instead prend toutes ses saveurs. Laissez-vous charmer par un duo p\u00e9tillant d\u2019une complicit\u00e9 singuli\u00e8re.<\/p>\n\n\n\n<p><\/p>\n<\/div>\n\n\n\n<div class=\"wp-block-column cf-detail-col is-layout-flow wp-block-column-is-layout-flow\" style=\"flex-basis:33.33%\">\n<div style=\"height:34px\" aria-hidden=\"true\" class=\"wp-block-spacer\"><\/div>\n\n\n\n<div class=\"wp-block-group cf-detail-col-part1 has-white-color has-text-color has-background\" style=\"background-color:#185c2c\"><div class=\"wp-block-group__inner-container is-layout-flow wp-block-group-is-layout-flow\">\n<p class=\"has-text-align-left\">Jazz<\/p>\n\n\n\n<p>Date : 29 d\u00e9cembre 2023<\/p>\n\n\n\n<p>Heure : 18h00 <\/p>\n<\/div><\/div>\n\n\n\n<div class=\"wp-block-group cf-detail-col-part2 has-background\" style=\"background-color:#f2f2f2\"><div class=\"wp-block-group__inner-container is-layout-flow wp-block-group-is-layout-flow\">\n<div style=\"height:20px\" aria-hidden=\"true\" class=\"wp-block-spacer\"><\/div>\n\n\n\n<ul class=\"wp-block-social-links has-icon-color has-icon-background-color is-content-justification-center is-layout-flex wp-container-core-social-links-is-layout-16018d1d wp-block-social-links-is-layout-flex\"><li style=\"color: #ffffff; background-color: #185c2c; \" class=\"wp-social-link wp-social-link-chain has-white-color wp-block-social-link\"><a href=\"https:\/\/soundcloud.com\/jazz-instead\" class=\"wp-block-social-link-anchor\"><svg width=\"24\" height=\"24\" viewBox=\"0 0 24 24\" version=\"1.1\" xmlns=\"http:\/\/www.w3.org\/2000\/svg\" aria-hidden=\"true\" focusable=\"false\"><path d=\"M15.6,7.2H14v1.5h1.6c2,0,3.7,1.7,3.7,3.7s-1.7,3.7-3.7,3.7H14v1.5h1.6c2.8,0,5.2-2.3,5.2-5.2,0-2.9-2.3-5.2-5.2-5.2zM4.7,12.4c0-2,1.7-3.7,3.7-3.7H10V7.2H8.4c-2.9,0-5.2,2.3-5.2,5.2,0,2.9,2.3,5.2,5.2,5.2H10v-1.5H8.4c-2,0-3.7-1.7-3.7-3.7zm4.6.9h5.3v-1.5H9.3v1.5z\"><\/path><\/svg><span class=\"wp-block-social-link-label screen-reader-text\">Link<\/span><\/a><\/li><\/ul>\n\n\n\n<div style=\"height:4px\" aria-hidden=\"true\" class=\"wp-block-spacer\"><\/div>\n<\/div><\/div>\n\n\n\n<p><\/p>\n\n\n\n<p><\/p>\n\n\n\n<p><\/p>\n<\/div>\n<\/div>\n","protected":false},"excerpt":{"rendered":"<p>Leur r\u00e9pertoire, toujours aux couleurs jazzy, voyage \u00e0 travers les \u00e9poques; Des classiques blues en passant par le swing d\u2019apr\u00e8s guerre jusqu\u2019\u00e0 revisiter certains hits de l\u2019heure. \u00c0 l&rsquo;occasion du march\u00e9s de No\u00ebl, ils ont pr\u00e9par\u00e9 un repertoire des plus grandes chansons du temps des f\u00eates \u00e0 leur mani\u00e8re jazzy. Talentueux et polyvalents, c\u2019est dans [&hellip;]<\/p>\n","protected":false},"featured_media":1711,"template":"","tags":[],"type-de-prestation":[126],"jours":[74],"class_list":["post-1255","programmation","type-programmation","status-publish","has-post-thumbnail","hentry","type-de-prestation-cabaret-de-noel","jours-29-decembre"],"aioseo_notices":[],"_links":{"self":[{"href":"https:\/\/noelmontreal.ca\/grandmarchedenoel\/wp-json\/wp\/v2\/programmation\/1255","targetHints":{"allow":["GET"]}}],"collection":[{"href":"https:\/\/noelmontreal.ca\/grandmarchedenoel\/wp-json\/wp\/v2\/programmation"}],"about":[{"href":"https:\/\/noelmontreal.ca\/grandmarchedenoel\/wp-json\/wp\/v2\/types\/programmation"}],"wp:featuredmedia":[{"embeddable":true,"href":"https:\/\/noelmontreal.ca\/grandmarchedenoel\/wp-json\/wp\/v2\/media\/1711"}],"wp:attachment":[{"href":"https:\/\/noelmontreal.ca\/grandmarchedenoel\/wp-json\/wp\/v2\/media?parent=1255"}],"wp:term":[{"taxonomy":"post_tag","embeddable":true,"href":"https:\/\/noelmontreal.ca\/grandmarchedenoel\/wp-json\/wp\/v2\/tags?post=1255"},{"taxonomy":"type-de-prestation","embeddable":true,"href":"https:\/\/noelmontreal.ca\/grandmarchedenoel\/wp-json\/wp\/v2\/type-de-prestation?post=1255"},{"taxonomy":"jours","embeddable":true,"href":"https:\/\/noelmontreal.ca\/grandmarchedenoel\/wp-json\/wp\/v2\/jours?post=1255"}],"curies":[{"name":"wp","href":"https:\/\/api.w.org\/{rel}","templated":true}]}}

<p></p>



<div class="wp-block-columns is-layout-flex wp-container-core-columns-is-layout-9d6595d7 wp-block-columns-is-layout-flex">
<div class="wp-block-column is-layout-flow wp-block-column-is-layout-flow" style="flex-basis:66.66%">
<div class="wp-block-buttons is-content-justification-left is-layout-flex wp-container-core-buttons-is-layout-fdcfc74e wp-block-buttons-is-layout-flex">
<div class="wp-block-button is-style-outline btn-back-cf is-style-outline--1"><a class="wp-block-button__link has-text-color" href="https://noelmontreal.ca/grandmarchedenoel/programmation-2023/" style="border-radius:0px;color:#185c2c">Revenir à la Programmation</a></div>
</div>



<div style="height:20px" aria-hidden="true" class="wp-block-spacer"></div>


<figure class="wp-block-post-featured-image"><img fetchpriority="high" decoding="async" width="750" height="465" src="https://noelmontreal.ca/grandmarchedenoel/wp-content/uploads/sites/3/2023/11/profilpaysage-credit-Philippe-PaquetR-750x465.jpg" class="attachment-post-thumbnail size-post-thumbnail wp-post-image" alt="" style="object-fit:cover;" /></figure>


<div style="height:20px" aria-hidden="true" class="wp-block-spacer"></div>





<div style="height:20px" aria-hidden="true" class="wp-block-spacer"></div>



<p class="has-text-align-left has-medium-font-size">Leur répertoire, toujours aux couleurs jazzy, voyage à travers les époques; Des classiques blues en passant par le swing d’après guerre jusqu’à revisiter certains hits de l’heure. À l&rsquo;occasion du marchés de Noël, ils ont préparé un repertoire des plus grandes chansons du temps des fêtes à leur manière jazzy. Talentueux et polyvalents, c’est dans l’improvisation et le plaisir que Jazz Instead prend toutes ses saveurs. Laissez-vous charmer par un duo pétillant d’une complicité singulière.</p>



<p></p>
</div>



<div class="wp-block-column cf-detail-col is-layout-flow wp-block-column-is-layout-flow" style="flex-basis:33.33%">
<div style="height:34px" aria-hidden="true" class="wp-block-spacer"></div>



<div class="wp-block-group cf-detail-col-part1 has-white-color has-text-color has-background" style="background-color:#185c2c"><div class="wp-block-group__inner-container is-layout-flow wp-block-group-is-layout-flow">
<p class="has-text-align-left">Jazz</p>



<p>Date : 29 décembre 2023</p>



<p>Heure : 18h00 </p>
</div></div>



<div class="wp-block-group cf-detail-col-part2 has-background" style="background-color:#f2f2f2"><div class="wp-block-group__inner-container is-layout-flow wp-block-group-is-layout-flow">
<div style="height:20px" aria-hidden="true" class="wp-block-spacer"></div>



<ul class="wp-block-social-links has-icon-color has-icon-background-color is-content-justification-center is-layout-flex wp-container-core-social-links-is-layout-16018d1d wp-block-social-links-is-layout-flex"><li style="color: #ffffff; background-color: #185c2c; " class="wp-social-link wp-social-link-chain has-white-color wp-block-social-link"><a href="https://soundcloud.com/jazz-instead" class="wp-block-social-link-anchor"><svg width="24" height="24" viewBox="0 0 24 24" version="1.1" xmlns="http://www.w3.org/2000/svg" aria-hidden="true" focusable="false"><path d="M15.6,7.2H14v1.5h1.6c2,0,3.7,1.7,3.7,3.7s-1.7,3.7-3.7,3.7H14v1.5h1.6c2.8,0,5.2-2.3,5.2-5.2,0-2.9-2.3-5.2-5.2-5.2zM4.7,12.4c0-2,1.7-3.7,3.7-3.7H10V7.2H8.4c-2.9,0-5.2,2.3-5.2,5.2,0,2.9,2.3,5.2,5.2,5.2H10v-1.5H8.4c-2,0-3.7-1.7-3.7-3.7zm4.6.9h5.3v-1.5H9.3v1.5z"></path></svg><span class="wp-block-social-link-label screen-reader-text">Link</span></a></li></ul>



<div style="height:4px" aria-hidden="true" class="wp-block-spacer"></div>
</div></div>



<p></p>



<p></p>



<p></p>
</div>
</div>

<p>Leur répertoire, toujours aux couleurs jazzy, voyage à travers les époques; Des classiques blues en passant par le swing d’après guerre jusqu’à revisiter certains hits de l’heure. À l&rsquo;occasion du marchés de Noël, ils ont préparé un repertoire des plus grandes chansons du temps des fêtes à leur manière jazzy. Talentueux et polyvalents, c’est dans [&hellip;]</p>
