{"id":1243,"date":"2023-11-04T02:27:15","date_gmt":"2023-11-04T02:27:15","guid":{"rendered":"https:\/\/noelmontreal.ca\/grandmarchedenoel\/?post_type=programmation&#038;p=1243"},"modified":"2023-11-08T17:23:22","modified_gmt":"2023-11-08T17:23:22","slug":"choeur-en-commun-2","status":"publish","type":"programmation","link":"https:\/\/noelmontreal.ca\/grandmarchedenoel\/programmation\/choeur-en-commun-2\/","title":{"rendered":"12\/10\/23 &#8211; Choeur en Commun"},"content":{"rendered":"\n<div class=\"wp-block-columns is-layout-flex wp-container-core-columns-is-layout-9d6595d7 wp-block-columns-is-layout-flex\">\n<div class=\"wp-block-column is-layout-flow wp-block-column-is-layout-flow\" style=\"flex-basis:66.66%\">\n<div class=\"wp-block-buttons is-content-justification-left is-layout-flex wp-container-core-buttons-is-layout-fdcfc74e wp-block-buttons-is-layout-flex\">\n<div class=\"wp-block-button is-style-outline btn-back-cf is-style-outline--1\"><a class=\"wp-block-button__link has-text-color\" href=\"https:\/\/noelmontreal.ca\/grandmarchedenoel\/programmation-2023\/\" style=\"border-radius:0px;color:#185c2c\">Revenir \u00e0 la Programmation<\/a><\/div>\n<\/div>\n\n\n\n<div style=\"height:20px\" aria-hidden=\"true\" class=\"wp-block-spacer\"><\/div>\n\n\n<figure style=\"height:300px;\" class=\"wp-block-post-featured-image\"><img fetchpriority=\"high\" decoding=\"async\" width=\"750\" height=\"465\" src=\"https:\/\/noelmontreal.ca\/grandmarchedenoel\/wp-content\/uploads\/sites\/3\/2023\/11\/Photo-de-profil-Jeanne-Joachim-1-750x465.png\" class=\"attachment-post-thumbnail size-post-thumbnail wp-post-image\" alt=\"\" style=\"height:300px;object-fit:cover;\" \/><\/figure>\n\n\n<div style=\"height:20px\" aria-hidden=\"true\" class=\"wp-block-spacer\"><\/div>\n\n\n\n\n\n<p>Des choristes issus de diff\u00e9rents ch\u0153urs montr\u00e9alais unissent leurs voix pour vous chanter No\u00ebl! Venez d\u00e9couvrir des adaptations in\u00e9dites de grands classiques liturgiques et populaires, avec un r\u00e9pertoire quasi enti\u00e8rement en fran\u00e7ais : l&rsquo;occasion id\u00e9al de faire participer petits et grands!<\/p>\n<\/div>\n\n\n\n<div class=\"wp-block-column cf-detail-col is-layout-flow wp-block-column-is-layout-flow\" style=\"flex-basis:33.33%\">\n<div style=\"height:34px\" aria-hidden=\"true\" class=\"wp-block-spacer\"><\/div>\n\n\n\n<div class=\"wp-block-group cf-detail-col-part1 has-white-color has-text-color has-background\" style=\"background-color:#185c2c\"><div class=\"wp-block-group__inner-container is-layout-flow wp-block-group-is-layout-flow\">\n<p class=\"has-text-align-left\">Chorale<\/p>\n\n\n\n<p>Date : Dimanche 10 d\u00e9cembre 2023<\/p>\n\n\n\n<p>Heure : 12h30<\/p>\n<\/div><\/div>\n<\/div>\n<\/div>\n","protected":false},"excerpt":{"rendered":"<p>Des choristes issus de diff\u00e9rents ch\u0153urs montr\u00e9alais unissent leurs voix pour vous chanter No\u00ebl! Venez d\u00e9couvrir des adaptations in\u00e9dites de grands classiques liturgiques et populaires, avec un r\u00e9pertoire quasi enti\u00e8rement en fran\u00e7ais : l&rsquo;occasion id\u00e9al de faire participer petits et grands! Chorale Date : Dimanche 10 d\u00e9cembre 2023 Heure : 12h30<\/p>\n","protected":false},"featured_media":1528,"template":"","tags":[],"type-de-prestation":[128],"jours":[106],"class_list":["post-1243","programmation","type-programmation","status-publish","has-post-thumbnail","hentry","type-de-prestation-chorale","jours-10-decembre"],"aioseo_notices":[],"_links":{"self":[{"href":"https:\/\/noelmontreal.ca\/grandmarchedenoel\/wp-json\/wp\/v2\/programmation\/1243","targetHints":{"allow":["GET"]}}],"collection":[{"href":"https:\/\/noelmontreal.ca\/grandmarchedenoel\/wp-json\/wp\/v2\/programmation"}],"about":[{"href":"https:\/\/noelmontreal.ca\/grandmarchedenoel\/wp-json\/wp\/v2\/types\/programmation"}],"wp:featuredmedia":[{"embeddable":true,"href":"https:\/\/noelmontreal.ca\/grandmarchedenoel\/wp-json\/wp\/v2\/media\/1528"}],"wp:attachment":[{"href":"https:\/\/noelmontreal.ca\/grandmarchedenoel\/wp-json\/wp\/v2\/media?parent=1243"}],"wp:term":[{"taxonomy":"post_tag","embeddable":true,"href":"https:\/\/noelmontreal.ca\/grandmarchedenoel\/wp-json\/wp\/v2\/tags?post=1243"},{"taxonomy":"type-de-prestation","embeddable":true,"href":"https:\/\/noelmontreal.ca\/grandmarchedenoel\/wp-json\/wp\/v2\/type-de-prestation?post=1243"},{"taxonomy":"jours","embeddable":true,"href":"https:\/\/noelmontreal.ca\/grandmarchedenoel\/wp-json\/wp\/v2\/jours?post=1243"}],"curies":[{"name":"wp","href":"https:\/\/api.w.org\/{rel}","templated":true}]}}

<div class="wp-block-columns is-layout-flex wp-container-core-columns-is-layout-9d6595d7 wp-block-columns-is-layout-flex">
<div class="wp-block-column is-layout-flow wp-block-column-is-layout-flow" style="flex-basis:66.66%">
<div class="wp-block-buttons is-content-justification-left is-layout-flex wp-container-core-buttons-is-layout-fdcfc74e wp-block-buttons-is-layout-flex">
<div class="wp-block-button is-style-outline btn-back-cf is-style-outline--1"><a class="wp-block-button__link has-text-color" href="https://noelmontreal.ca/grandmarchedenoel/programmation-2023/" style="border-radius:0px;color:#185c2c">Revenir à la Programmation</a></div>
</div>



<div style="height:20px" aria-hidden="true" class="wp-block-spacer"></div>


<figure style="height:300px;" class="wp-block-post-featured-image"><img fetchpriority="high" decoding="async" width="750" height="465" src="https://noelmontreal.ca/grandmarchedenoel/wp-content/uploads/sites/3/2023/11/Photo-de-profil-Jeanne-Joachim-1-750x465.png" class="attachment-post-thumbnail size-post-thumbnail wp-post-image" alt="" style="height:300px;object-fit:cover;" /></figure>


<div style="height:20px" aria-hidden="true" class="wp-block-spacer"></div>





<p>Des choristes issus de différents chœurs montréalais unissent leurs voix pour vous chanter Noël! Venez découvrir des adaptations inédites de grands classiques liturgiques et populaires, avec un répertoire quasi entièrement en français : l&rsquo;occasion idéal de faire participer petits et grands!</p>
</div>



<div class="wp-block-column cf-detail-col is-layout-flow wp-block-column-is-layout-flow" style="flex-basis:33.33%">
<div style="height:34px" aria-hidden="true" class="wp-block-spacer"></div>



<div class="wp-block-group cf-detail-col-part1 has-white-color has-text-color has-background" style="background-color:#185c2c"><div class="wp-block-group__inner-container is-layout-flow wp-block-group-is-layout-flow">
<p class="has-text-align-left">Chorale</p>



<p>Date : Dimanche 10 décembre 2023</p>



<p>Heure : 12h30</p>
</div></div>
</div>
</div>

<p>Des choristes issus de différents chœurs montréalais unissent leurs voix pour vous chanter Noël! Venez découvrir des adaptations inédites de grands classiques liturgiques et populaires, avec un répertoire quasi entièrement en français : l&rsquo;occasion idéal de faire participer petits et grands! Chorale Date : Dimanche 10 décembre 2023 Heure : 12h30</p>
