{"id":2837,"date":"2025-11-03T23:16:42","date_gmt":"2025-11-03T23:16:42","guid":{"rendered":"https:\/\/noelmontreal.ca\/grandmarchedenoel\/?post_type=artisans&#038;p=2837"},"modified":"2025-11-04T03:31:28","modified_gmt":"2025-11-04T03:31:28","slug":"amelya-savon-naturel-2","status":"publish","type":"artisans","link":"https:\/\/noelmontreal.ca\/grandmarchedenoel\/artisans\/amelya-savon-naturel-2\/","title":{"rendered":"Am\u00c9lya Savon Naturel"},"content":{"rendered":"\n<div class=\"wp-block-columns is-layout-flex wp-container-core-columns-is-layout-9d6595d7 wp-block-columns-is-layout-flex\">\n<div class=\"wp-block-column is-layout-flow wp-block-column-is-layout-flow\" style=\"flex-basis:66.66%\">\n<div class=\"wp-block-buttons is-content-justification-left is-layout-flex wp-container-core-buttons-is-layout-fdcfc74e wp-block-buttons-is-layout-flex\">\n<div class=\"wp-block-button is-style-outline btn-back-cf is-style-outline--1\"><a class=\"wp-block-button__link has-text-color wp-element-button\" href=\"https:\/\/noelmontreal.ca\/grandmarchedenoel\/nos-artisans\/\" style=\"border-radius:0px;color:#185c2c\">Revenir \u00e0 la liste des artisans<\/a><\/div>\n<\/div>\n\n\n\n<div style=\"height:20px\" aria-hidden=\"true\" class=\"wp-block-spacer\"><\/div>\n\n\n<figure style=\"height:300px;\" class=\"wp-block-post-featured-image\"><img fetchpriority=\"high\" decoding=\"async\" width=\"720\" height=\"465\" src=\"https:\/\/noelmontreal.ca\/grandmarchedenoel\/wp-content\/uploads\/sites\/3\/2025\/11\/inbound2641517397909182339-720x465.jpg\" class=\"attachment-post-thumbnail size-post-thumbnail wp-post-image\" alt=\"\" style=\"height:300px;object-fit:cover;\" \/><\/figure>\n\n\n<div style=\"height:20px\" aria-hidden=\"true\" class=\"wp-block-spacer\"><\/div>\n\n\n<div class=\"taxonomy-post_tag wp-block-post-terms\"><a href=\"https:\/\/noelmontreal.ca\/grandmarchedenoel\/tag\/baumes-a-levres\/\" rel=\"tag\">baumes \u00e0 l\u00e8vres<\/a><span class=\"wp-block-post-terms__separator\">, <\/span><a href=\"https:\/\/noelmontreal.ca\/grandmarchedenoel\/tag\/naturels\/\" rel=\"tag\">naturels<\/a><span class=\"wp-block-post-terms__separator\">, <\/span><a href=\"https:\/\/noelmontreal.ca\/grandmarchedenoel\/tag\/organique\/\" rel=\"tag\">organique<\/a><span class=\"wp-block-post-terms__separator\">, <\/span><a href=\"https:\/\/noelmontreal.ca\/grandmarchedenoel\/tag\/savons\/\" rel=\"tag\">savons<\/a><\/div>\n\n\n<div style=\"height:20px\" aria-hidden=\"true\" class=\"wp-block-spacer\"><\/div>\n\n\n\n<p class=\"has-medium-font-size\">Produits naturels &amp; personnalis\u00e9s<br>Savons et baumes \u00e0 l\u00e8vres fabriqu\u00e9s \u00e0 partir d\u2019ingr\u00e9dients organiques et naturels (3\u202f$\u201311\u202f$).<br>Chandelles et bouteilles personnalis\u00e9es disponibles de 20\u202f$ \u00e0 30\u202f$.<\/p>\n\n\n\n<p class=\"has-medium-font-size\"><\/p>\n\n\n\n<div style=\"height:20px\" aria-hidden=\"true\" class=\"wp-block-spacer\"><\/div>\n\n\n\n<figure class=\"wp-block-gallery has-nested-images columns-2 is-cropped wp-block-gallery-2 is-layout-flex wp-block-gallery-is-layout-flex\">\n<figure class=\"wp-block-image size-full\"><img decoding=\"async\" width=\"720\" height=\"960\" data-id=\"2839\" src=\"https:\/\/noelmontreal.ca\/grandmarchedenoel\/wp-content\/uploads\/sites\/3\/2025\/11\/inbound6788661738340025812.jpg\" alt=\"\" class=\"wp-image-2839\" srcset=\"https:\/\/noelmontreal.ca\/grandmarchedenoel\/wp-content\/uploads\/sites\/3\/2025\/11\/inbound6788661738340025812.jpg 720w, https:\/\/noelmontreal.ca\/grandmarchedenoel\/wp-content\/uploads\/sites\/3\/2025\/11\/inbound6788661738340025812-225x300.jpg 225w\" sizes=\"(max-width: 720px) 100vw, 720px\" \/><\/figure>\n\n\n\n<figure class=\"wp-block-image size-full\"><img decoding=\"async\" width=\"1080\" height=\"1080\" data-id=\"2840\" src=\"https:\/\/noelmontreal.ca\/grandmarchedenoel\/wp-content\/uploads\/sites\/3\/2025\/11\/inbound2498331223239901874.jpg\" alt=\"\" class=\"wp-image-2840\" srcset=\"https:\/\/noelmontreal.ca\/grandmarchedenoel\/wp-content\/uploads\/sites\/3\/2025\/11\/inbound2498331223239901874.jpg 1080w, https:\/\/noelmontreal.ca\/grandmarchedenoel\/wp-content\/uploads\/sites\/3\/2025\/11\/inbound2498331223239901874-300x300.jpg 300w, https:\/\/noelmontreal.ca\/grandmarchedenoel\/wp-content\/uploads\/sites\/3\/2025\/11\/inbound2498331223239901874-1024x1024.jpg 1024w, https:\/\/noelmontreal.ca\/grandmarchedenoel\/wp-content\/uploads\/sites\/3\/2025\/11\/inbound2498331223239901874-150x150.jpg 150w, https:\/\/noelmontreal.ca\/grandmarchedenoel\/wp-content\/uploads\/sites\/3\/2025\/11\/inbound2498331223239901874-768x768.jpg 768w\" sizes=\"(max-width: 1080px) 100vw, 1080px\" \/><\/figure>\n<\/figure>\n<\/div>\n\n\n\n<div class=\"wp-block-column cf-detail-col is-layout-flow wp-block-column-is-layout-flow\" style=\"flex-basis:33.33%\">\n<div style=\"height:34px\" aria-hidden=\"true\" class=\"wp-block-spacer\"><\/div>\n\n\n\n<div class=\"wp-block-group cf-detail-col-part1 has-white-color has-text-color has-background\" style=\"background-color:#185c2c\"><div class=\"wp-block-group__inner-container is-layout-flow wp-block-group-is-layout-flow\">\n<figure class=\"wp-block-image size-full\"><img loading=\"lazy\" decoding=\"async\" width=\"2105\" height=\"1140\" src=\"https:\/\/noelmontreal.ca\/grandmarchedenoel\/wp-content\/uploads\/sites\/3\/2025\/11\/inbound1300505343282137674.jpg\" alt=\"\" class=\"wp-image-2838\" srcset=\"https:\/\/noelmontreal.ca\/grandmarchedenoel\/wp-content\/uploads\/sites\/3\/2025\/11\/inbound1300505343282137674.jpg 2105w, https:\/\/noelmontreal.ca\/grandmarchedenoel\/wp-content\/uploads\/sites\/3\/2025\/11\/inbound1300505343282137674-300x162.jpg 300w, https:\/\/noelmontreal.ca\/grandmarchedenoel\/wp-content\/uploads\/sites\/3\/2025\/11\/inbound1300505343282137674-1024x555.jpg 1024w, https:\/\/noelmontreal.ca\/grandmarchedenoel\/wp-content\/uploads\/sites\/3\/2025\/11\/inbound1300505343282137674-768x416.jpg 768w, https:\/\/noelmontreal.ca\/grandmarchedenoel\/wp-content\/uploads\/sites\/3\/2025\/11\/inbound1300505343282137674-1536x832.jpg 1536w, https:\/\/noelmontreal.ca\/grandmarchedenoel\/wp-content\/uploads\/sites\/3\/2025\/11\/inbound1300505343282137674-2048x1109.jpg 2048w\" sizes=\"(max-width: 2105px) 100vw, 2105px\" \/><\/figure>\n\n\n\n<div style=\"height:20px\" aria-hidden=\"true\" class=\"wp-block-spacer\"><\/div>\n\n\n\n<div class=\"wp-block-media-text alignwide is-stacked-on-mobile artisans-category\"><figure class=\"wp-block-media-text__media\"><img loading=\"lazy\" decoding=\"async\" width=\"459\" height=\"459\" src=\"https:\/\/noelmontreal.ca\/grandmarchedenoel\/wp-content\/uploads\/sites\/3\/2024\/10\/462571671_413577164963930_8244861544561788953_n.png\" alt=\"\" class=\"wp-image-2004 size-full\" srcset=\"https:\/\/noelmontreal.ca\/grandmarchedenoel\/wp-content\/uploads\/sites\/3\/2024\/10\/462571671_413577164963930_8244861544561788953_n.png 459w, https:\/\/noelmontreal.ca\/grandmarchedenoel\/wp-content\/uploads\/sites\/3\/2024\/10\/462571671_413577164963930_8244861544561788953_n-300x300.png 300w, https:\/\/noelmontreal.ca\/grandmarchedenoel\/wp-content\/uploads\/sites\/3\/2024\/10\/462571671_413577164963930_8244861544561788953_n-150x150.png 150w\" sizes=\"(max-width: 459px) 100vw, 459px\" \/><\/figure><div class=\"wp-block-media-text__content\">\n<p class=\"sur-titre\">Type de produits vendus<\/p>\n\n\n\n<p class=\"categorie\">Savons<\/p>\n<\/div><\/div>\n\n\n\n<div style=\"height:20px\" aria-hidden=\"true\" class=\"wp-block-spacer\"><\/div>\n\n\n\n<div style=\"height:10px\" aria-hidden=\"true\" class=\"wp-block-spacer\"><\/div>\n\n\n\n<div class=\"wp-block-group\"><div class=\"wp-block-group__inner-container is-layout-flow wp-block-group-is-layout-flow\">\n<p class=\"has-text-align-left\"><strong>Jours de pr\u00e9sence :<\/strong><\/p>\n\n\n\n<p>Novembre 2025<br> \u2022 21-23, 26-30<\/p>\n\n\n\n<p>D\u00e9cembre 2025<br> \u2022 4-7, 10-14<br><\/p>\n<\/div><\/div>\n<\/div><\/div>\n\n\n\n<div class=\"wp-block-group cf-detail-col-part2 has-background\" style=\"background-color:#f2f2f2\"><div class=\"wp-block-group__inner-container is-layout-flow wp-block-group-is-layout-flow\">\n<div style=\"height:20px\" aria-hidden=\"true\" class=\"wp-block-spacer\"><\/div>\n\n\n\n<ul class=\"wp-block-social-links has-icon-color has-icon-background-color is-content-justification-center is-layout-flex wp-container-core-social-links-is-layout-16018d1d wp-block-social-links-is-layout-flex\"><\/ul>\n\n\n\n<div style=\"height:4px\" aria-hidden=\"true\" class=\"wp-block-spacer\"><\/div>\n<\/div><\/div>\n<\/div>\n<\/div>\n\n\n\n<p><\/p>\n","protected":false},"excerpt":{"rendered":"<p>Produits naturels &amp; personnalis\u00e9s<br \/>\nSavons et baumes \u00e0 l\u00e8vres fabriqu\u00e9s \u00e0 partir d\u2019ingr\u00e9dients organiques et naturels (3\u202f$\u201311\u202f$).<br \/>\nChandelles et bouteilles personnalis\u00e9es disponibles de 20\u202f$ \u00e0 30\u202f$.<\/p>\n","protected":false},"featured_media":2841,"template":"","tags":[623,444,842,268],"periodes":[731,733],"categories_produits":[242,766],"class_list":["post-2837","artisans","type-artisans","status-publish","has-post-thumbnail","hentry","tag-baumes-a-levres","tag-naturels","tag-organique","tag-savons","periodes-du-21-au-30-nov-2025","periodes-du-4-au-14-dec-2025","categories_produits-cosmetiques","categories_produits-savons"],"aioseo_notices":[],"_links":{"self":[{"href":"https:\/\/noelmontreal.ca\/grandmarchedenoel\/wp-json\/wp\/v2\/artisans\/2837","targetHints":{"allow":["GET"]}}],"collection":[{"href":"https:\/\/noelmontreal.ca\/grandmarchedenoel\/wp-json\/wp\/v2\/artisans"}],"about":[{"href":"https:\/\/noelmontreal.ca\/grandmarchedenoel\/wp-json\/wp\/v2\/types\/artisans"}],"wp:featuredmedia":[{"embeddable":true,"href":"https:\/\/noelmontreal.ca\/grandmarchedenoel\/wp-json\/wp\/v2\/media\/2841"}],"wp:attachment":[{"href":"https:\/\/noelmontreal.ca\/grandmarchedenoel\/wp-json\/wp\/v2\/media?parent=2837"}],"wp:term":[{"taxonomy":"post_tag","embeddable":true,"href":"https:\/\/noelmontreal.ca\/grandmarchedenoel\/wp-json\/wp\/v2\/tags?post=2837"},{"taxonomy":"periodes","embeddable":true,"href":"https:\/\/noelmontreal.ca\/grandmarchedenoel\/wp-json\/wp\/v2\/periodes?post=2837"},{"taxonomy":"categories_produits","embeddable":true,"href":"https:\/\/noelmontreal.ca\/grandmarchedenoel\/wp-json\/wp\/v2\/categories_produits?post=2837"}],"curies":[{"name":"wp","href":"https:\/\/api.w.org\/{rel}","templated":true}]}}

AmÉlya Savon Naturel

<div class="wp-block-columns is-layout-flex wp-container-core-columns-is-layout-9d6595d7 wp-block-columns-is-layout-flex">
<div class="wp-block-column is-layout-flow wp-block-column-is-layout-flow" style="flex-basis:66.66%">
<div class="wp-block-buttons is-content-justification-left is-layout-flex wp-container-core-buttons-is-layout-fdcfc74e wp-block-buttons-is-layout-flex">
<div class="wp-block-button is-style-outline btn-back-cf is-style-outline--1"><a class="wp-block-button__link has-text-color wp-element-button" href="https://noelmontreal.ca/grandmarchedenoel/nos-artisans/" style="border-radius:0px;color:#185c2c">Revenir à la liste des artisans</a></div>
</div>



<div style="height:20px" aria-hidden="true" class="wp-block-spacer"></div>


<figure style="height:300px;" class="wp-block-post-featured-image"><img fetchpriority="high" decoding="async" width="720" height="465" src="https://noelmontreal.ca/grandmarchedenoel/wp-content/uploads/sites/3/2025/11/inbound2641517397909182339-720x465.jpg" class="attachment-post-thumbnail size-post-thumbnail wp-post-image" alt="" style="height:300px;object-fit:cover;" /></figure>


<div style="height:20px" aria-hidden="true" class="wp-block-spacer"></div>


<div class="taxonomy-post_tag wp-block-post-terms"><a href="https://noelmontreal.ca/grandmarchedenoel/tag/baumes-a-levres/" rel="tag">baumes à lèvres</a><span class="wp-block-post-terms__separator">, </span><a href="https://noelmontreal.ca/grandmarchedenoel/tag/naturels/" rel="tag">naturels</a><span class="wp-block-post-terms__separator">, </span><a href="https://noelmontreal.ca/grandmarchedenoel/tag/organique/" rel="tag">organique</a><span class="wp-block-post-terms__separator">, </span><a href="https://noelmontreal.ca/grandmarchedenoel/tag/savons/" rel="tag">savons</a></div>


<div style="height:20px" aria-hidden="true" class="wp-block-spacer"></div>



<p class="has-medium-font-size">Produits naturels &amp; personnalisés<br>Savons et baumes à lèvres fabriqués à partir d’ingrédients organiques et naturels (3 $–11 $).<br>Chandelles et bouteilles personnalisées disponibles de 20 $ à 30 $.</p>



<p class="has-medium-font-size"></p>



<div style="height:20px" aria-hidden="true" class="wp-block-spacer"></div>



<figure class="wp-block-gallery has-nested-images columns-2 is-cropped wp-block-gallery-2 is-layout-flex wp-block-gallery-is-layout-flex">
<figure class="wp-block-image size-full"><img decoding="async" width="720" height="960" data-id="2839" src="https://noelmontreal.ca/grandmarchedenoel/wp-content/uploads/sites/3/2025/11/inbound6788661738340025812.jpg" alt="" class="wp-image-2839" srcset="https://noelmontreal.ca/grandmarchedenoel/wp-content/uploads/sites/3/2025/11/inbound6788661738340025812.jpg 720w, https://noelmontreal.ca/grandmarchedenoel/wp-content/uploads/sites/3/2025/11/inbound6788661738340025812-225x300.jpg 225w" sizes="(max-width: 720px) 100vw, 720px" /></figure>



<figure class="wp-block-image size-full"><img decoding="async" width="1080" height="1080" data-id="2840" src="https://noelmontreal.ca/grandmarchedenoel/wp-content/uploads/sites/3/2025/11/inbound2498331223239901874.jpg" alt="" class="wp-image-2840" srcset="https://noelmontreal.ca/grandmarchedenoel/wp-content/uploads/sites/3/2025/11/inbound2498331223239901874.jpg 1080w, https://noelmontreal.ca/grandmarchedenoel/wp-content/uploads/sites/3/2025/11/inbound2498331223239901874-300x300.jpg 300w, https://noelmontreal.ca/grandmarchedenoel/wp-content/uploads/sites/3/2025/11/inbound2498331223239901874-1024x1024.jpg 1024w, https://noelmontreal.ca/grandmarchedenoel/wp-content/uploads/sites/3/2025/11/inbound2498331223239901874-150x150.jpg 150w, https://noelmontreal.ca/grandmarchedenoel/wp-content/uploads/sites/3/2025/11/inbound2498331223239901874-768x768.jpg 768w" sizes="(max-width: 1080px) 100vw, 1080px" /></figure>
</figure>
</div>



<div class="wp-block-column cf-detail-col is-layout-flow wp-block-column-is-layout-flow" style="flex-basis:33.33%">
<div style="height:34px" aria-hidden="true" class="wp-block-spacer"></div>



<div class="wp-block-group cf-detail-col-part1 has-white-color has-text-color has-background" style="background-color:#185c2c"><div class="wp-block-group__inner-container is-layout-flow wp-block-group-is-layout-flow">
<figure class="wp-block-image size-full"><img loading="lazy" decoding="async" width="2105" height="1140" src="https://noelmontreal.ca/grandmarchedenoel/wp-content/uploads/sites/3/2025/11/inbound1300505343282137674.jpg" alt="" class="wp-image-2838" srcset="https://noelmontreal.ca/grandmarchedenoel/wp-content/uploads/sites/3/2025/11/inbound1300505343282137674.jpg 2105w, https://noelmontreal.ca/grandmarchedenoel/wp-content/uploads/sites/3/2025/11/inbound1300505343282137674-300x162.jpg 300w, https://noelmontreal.ca/grandmarchedenoel/wp-content/uploads/sites/3/2025/11/inbound1300505343282137674-1024x555.jpg 1024w, https://noelmontreal.ca/grandmarchedenoel/wp-content/uploads/sites/3/2025/11/inbound1300505343282137674-768x416.jpg 768w, https://noelmontreal.ca/grandmarchedenoel/wp-content/uploads/sites/3/2025/11/inbound1300505343282137674-1536x832.jpg 1536w, https://noelmontreal.ca/grandmarchedenoel/wp-content/uploads/sites/3/2025/11/inbound1300505343282137674-2048x1109.jpg 2048w" sizes="(max-width: 2105px) 100vw, 2105px" /></figure>



<div style="height:20px" aria-hidden="true" class="wp-block-spacer"></div>



<div class="wp-block-media-text alignwide is-stacked-on-mobile artisans-category"><figure class="wp-block-media-text__media"><img loading="lazy" decoding="async" width="459" height="459" src="https://noelmontreal.ca/grandmarchedenoel/wp-content/uploads/sites/3/2024/10/462571671_413577164963930_8244861544561788953_n.png" alt="" class="wp-image-2004 size-full" srcset="https://noelmontreal.ca/grandmarchedenoel/wp-content/uploads/sites/3/2024/10/462571671_413577164963930_8244861544561788953_n.png 459w, https://noelmontreal.ca/grandmarchedenoel/wp-content/uploads/sites/3/2024/10/462571671_413577164963930_8244861544561788953_n-300x300.png 300w, https://noelmontreal.ca/grandmarchedenoel/wp-content/uploads/sites/3/2024/10/462571671_413577164963930_8244861544561788953_n-150x150.png 150w" sizes="(max-width: 459px) 100vw, 459px" /></figure><div class="wp-block-media-text__content">
<p class="sur-titre">Type de produits vendus</p>



<p class="categorie">Savons</p>
</div></div>



<div style="height:20px" aria-hidden="true" class="wp-block-spacer"></div>



<div style="height:10px" aria-hidden="true" class="wp-block-spacer"></div>



<div class="wp-block-group"><div class="wp-block-group__inner-container is-layout-flow wp-block-group-is-layout-flow">
<p class="has-text-align-left"><strong>Jours de présence :</strong></p>



<p>Novembre 2025<br> • 21-23, 26-30</p>



<p>Décembre 2025<br> • 4-7, 10-14<br></p>
</div></div>
</div></div>



<div class="wp-block-group cf-detail-col-part2 has-background" style="background-color:#f2f2f2"><div class="wp-block-group__inner-container is-layout-flow wp-block-group-is-layout-flow">
<div style="height:20px" aria-hidden="true" class="wp-block-spacer"></div>



<ul class="wp-block-social-links has-icon-color has-icon-background-color is-content-justification-center is-layout-flex wp-container-core-social-links-is-layout-16018d1d wp-block-social-links-is-layout-flex"></ul>



<div style="height:4px" aria-hidden="true" class="wp-block-spacer"></div>
</div></div>
</div>
</div>



<p></p>

<p>Produits naturels &amp; personnalisés<br />
Savons et baumes à lèvres fabriqués à partir d’ingrédients organiques et naturels (3 $–11 $).<br />
Chandelles et bouteilles personnalisées disponibles de 20 $ à 30 $.</p>
